ctor of 748 and 10076?
44
Calculate the greatest common factor of 325 and 42350.
25
What is the highest common divisor of 1815 and 57?
3
Calculate the greatest common divisor of 1489 and 2.
1
What is the highest common divisor of 6 and 1600?
2
Calculate the highest common factor of 64042 and 99.
11
Calculate the highest common divisor of 174 and 59102.
58
Calculate the highest common divisor of 1077 and 1356302.
359
What is the greatest common divisor of 376 and 1531?
1
Calculate the highest common factor of 9 and 139674.
3
What is the greatest common divisor of 1870 and 1760?
110
Calculate the highest common divisor of 136804 and 92.
92
Calculate the highest common divisor of 27 and 29979.
9
Calculate the highest common divisor of 1608 and 5016.
24
Calculate the greatest common divisor of 5730 and 6255.
15
What is the highest common factor of 207837 and 3?
3
Calculate the greatest common factor of 36 and 42885.
9
What is the highest common divisor of 3627 and 18603?
117
What is the greatest common divisor of 17 and 1132931?
17
Calculate the greatest common factor of 682966 and 626.
626
Calculate the highest common divisor of 157 and 227336.
157
Calculate the greatest common factor of 126 and 6597.
9
Calculate the highest common factor of 483 and 286741.
161
Calculate the greatest common divisor of 1311 and 828.
69
Calculate the highest common divisor of 4 and 701.
1
Calculate the greatest common factor of 3675 and 7575.
75
What is the greatest common divisor of 27833 and 52?
13
Calculate the highest common factor of 110940 and 6180.
60
What is the greatest common divisor of 387 and 4361232?
129
Calculate the greatest common divisor of 4 and 1130468.
4
What is the greatest common factor of 9752 and 16112?
424
Calculate the highest common divisor of 107175 and 675.
75
Calculate the highest common factor of 8 and 58008.
8
What is the highest common divisor of 2895534 and 2349?
783
What is the highest common factor of 456 and 5812?
4
What is the highest common factor of 305731 and 37?
37
Calculate the greatest common factor of 234855 and 3060.
765
Calculate the highest common factor of 221 and 33269.
17
Calculate the greatest common factor of 9362 and 302.
302
Calculate the greatest common factor of 588 and 628278.
294
Calculate the greatest common factor of 272 and 104064.
16
What is the greatest common divisor of 1891 and 15748?
31
What is the greatest common divisor of 1978 and 1656?
46
Calculate the highest common divisor of 130 and 636285.
65
Calculate the greatest common factor of 211065 and 15.
15
What is the highest common factor of 375 and 9818625?
375
What is the greatest common divisor of 92484 and 252?
252
What is the greatest common factor of 88860 and 130?
10
What is the greatest common factor of 17238 and 139230?
1326
Calculate the highest common factor of 85 and 301835.
85
What is the greatest common divisor of 553 and 203?
7
What is the greatest common divisor of 2 and 20185?
1
Calculate the greatest common factor of 23033 and 1643.
31
What is the greatest common factor of 144373 and 118?
59
What is the highest common divisor of 210 and 4235?
35
What is the greatest common factor of 357609 and 15?
3
Calculate the highest common divisor of 69786 and 126.
18
What is the greatest common divisor of 185416 and 140?
28
What is the greatest common factor of 6632 and 88?
8
Calculate the greatest common divisor of 31437 and 147.
21
Calculate the highest common divisor of 55828 and 1836.
68
Calculate the greatest common divisor of 111 and 3058198.
37
What is the greatest common factor of 539695 and 247?
247
Calculate the highest common divisor of 1073 and 28527.
37
What is the highest common divisor of 2 and 1786937?
1
What is the highest common divisor of 642456 and 144?
72
Calculate the highest common factor of 114 and 41914.
38
Calculate the highest common factor of 50032 and 37948.
212
Calculate the greatest common divisor of 116186 and 462.
14
Calculate the greatest common divisor of 27 and 1929645.
9
What is the greatest common divisor of 22616 and 1542?
514
Calculate the greatest common divisor of 2018007 and 837.
837
Calculate the greatest common divisor of 131012 and 28.
28
What is the highest common divisor of 279456 and 48?
48
Calculate the highest common factor of 6576 and 16.
16
What is the greatest common divisor of 118100 and 3800?
100
Calculate the greatest common divisor of 48 and 1034792.
8
Calculate the greatest common factor of 32 and 447.
1
What is the greatest common divisor of 321590 and 10?
10
What is the greatest common divisor of 398 and 2463819?
199
What is the greatest common factor of 203846 and 6286?
898
What is the greatest common factor of 26920 and 10?
10
What is the highest common factor of 15378 and 31284?
66
Calculate the highest common divisor of 16701 and 285.
57
What is the greatest common factor of 1089 and 193?
1
What is the highest common factor of 274551 and 153939?
1587
Calculate the highest common divisor of 60 and 252780.
60
What is the highest common divisor of 13703 and 48706?
71
What is the highest common divisor of 91832 and 19344?
104
Calculate the greatest common factor of 250 and 874310.
10
What is the highest common factor of 128 and 18728?
8
What is the highest common factor of 40005 and 585?
45
What is the greatest common factor of 4236 and 168?
12
Calculate the highest common divisor of 4 and 175250.
2
Calculate the greatest common factor of 1656 and 1587.
69
Calculate the greatest common factor of 6520 and 26.
2
Calculate the greatest common divisor of 37421 and 115.
23
What is the highest common factor of 75806 and 290?
58
Calculate the greatest common divisor of 876 and 4234.
146
Calculate the greatest common factor of 6423 and 39.
3
What is the greatest common factor of 2152038 and 42?
42
Calculate the highest common divisor of 170 and 2090.
10
Calculate the greatest common factor of 2384875 and 225.
25
Calculate the highest common factor of 2320 and 47360.
80
What is the highest common divisor of 6374 and 2?
2
Calculate the greatest common divisor of 17714816 and 32.
32
Calculate the highest common factor of 324687 and 99.
33
What is the highest common factor of 7771 and 29039?
409
Calculate the greatest common divisor of 12831 and 8463.
273
Calculate the highest common factor of 70 and 20660.
10
Calculate the highest common divisor of 261305 and 110.
55
What is the highest common divisor of 11065965 and 870?
435
Calculate the greatest common factor of 748 and 4664.
44
Calculate the greatest common divisor of 10030 and 11220.
170
What is the greatest common factor of 170245 and 1724?
431
What is the highest common divisor of 57926 and 22?
22
What is the greatest common factor of 4187 and 1738?
79
What is the greatest common divisor of 18483 and 2424?
303
Calculate the highest common divisor of 108268 and 4.
4
What is the highest common divisor of 444 and 245236?
148
Calculate the highest common divisor of 330268 and 6.
2
What is the greatest common factor of 17724024 and 24?
24
What is the highest common factor of 12318 and 42?
6
What is the highest common divisor of 905 and 15023?
181
What is the greatest common factor of 76 and 1108?
4
Calculate the highest common divisor of 102 and 15079.
17
What is the highest common factor of 45 and 126285?
15
What is the highest common divisor of 23 and 5?
1
What is the greatest common divisor of 185985 and 45?
45
What is the highest common divisor of 378 and 161514?
54
Calculate the greatest common factor of 26 and 153322.
26
Calculate the greatest common factor of 2206049 and 5255.
1051
What is the greatest common divisor of 366468 and 15?
3
Calculate the highest common factor of 52414 and 17950.
718
What is the greatest common factor of 12928 and 1024?
128
What is the greatest common divisor of 12 and 1965756?
12
Calculate the greatest common divisor of 9 and 799884.
9
Calculate the greatest common divisor of 18592 and 168.
56
What is the greatest common factor of 2591666 and 154?
154
What is the greatest common divisor of 1457 and 1829?
31
What is the highest common divisor of 352 and 2653024?
352
Calculate the greatest common factor of 816 and 22644.
204
Calculate the greatest common factor of 1210 and 14080.
110
Calculate the gr